 c(h).
5
List the prime factors of 30/(-6) - (-568 + 11).
2, 3, 23
Let l(c) = 14*c**2 + 4*c + 17. What are the prime factors of l(6)?
5, 109
Let f = 25 + 0. Let t = 67 + f. Suppose 3*v - t = -14. What are the prime factors of v?
2, 13
Let s = 8 + 395. What are the prime factors of s?
13, 31
Let g(v) = 1148*v - 75. List the prime factors of g(1).
29, 37
Let u = 119 + 125. List the prime factors of u.
2, 61
Let g(s) = 3*s - 27. Let d be g(8). Let h(y) = 11*y**2 - 4*y - 7. What are the prime factors of h(d)?
2, 13
Suppose 1023 = -9*f + 6*f. Let p be 5/(-20) + f/(-4). Suppose 4*q - p = 3. List the prime factors of q.
2, 11
Let f = -58 + 63. Suppose f*k = -c + 105, 5*c = -k - 3*k + 84. List the prime factors of k.
3, 7
Let i = -1139 + 2059. What are the prime factors of i?
2, 5, 23
Let j = -14 - -16. Suppose 4*b = -j*y + 100, y + 3*y - b - 191 = 0. What are the prime factors of y/(-10)*(-75)/10?
2, 3
Suppose w + s = 3*s - 15, 2*w - 3*s = -30. Let j = -28 + w. Let a = -14 - j. List the prime factors of a.
29
Let m = 16 - 9. Let l(g) = -g**2 + 6*g + 23. What are the prime factors of l(m)?
2
Suppose -99*i = -102*i + 309. Let o = 290 - i. What are the prime factors of o?
11, 17
List the prime factors of (6/10)/((-58373)/9730 + 6).
2, 3, 139
Let t(f) = 14*f + 30. What are the prime factors of t(23)?
2, 11
Let x be 1/(1 - (-7)/(-6)). Let b(v) = v**3 + 7*v**2 + 6*v + 4. Let y be b(x). Suppose 2*p = -y*h + 68, 3*p - h - 102 = 2*h. What are the prime factors of p?
2, 17
Let m(n) = 6*n**2 + 6*n - 3. Let d(a) = -a**2 - 8*a + 3. Let g be d(-9). What are the prime factors of m(g)?
3, 59
Suppose 190441 = 47*s + 55645. What are the prime factors of s?
2, 3, 239
Let z = 3085 + -433. List the prime factors of z.
2, 3, 13, 17
Suppose -2*i + 4*i + 114 = 0. Let u = -126 - i. What are the prime factors of (u/(-6))/((-1)/(-2))?
23
Let g be 2 - (-5 + 4 - 1). Suppose -4*f + 3*n + 24 = n, -2*f + 32 = g*n. Suppose -f*m + 12 = -5*m. What are the prime factors of m?
2
Suppose 18*t - 9*t = 3267. What are the prime factors of t?
3, 11
Suppose 0 = 2*h - 8, -3*h - 20 = f - 8*h. Suppose 2*v + 0 + 78 = f. Let o = 60 + v. What are the prime factors of o?
3, 7
Suppose -3*t + 2*a = -98, -60 = -4*t + 2*t - 4*a. Suppose 14 = b - t. What are the prime factors of b?
2, 23
Let b(s) = -44*s - 6. Let x be b(-5). List the prime factors of x/5*5/2 + 2.
109
Let o(p) = 2*p**2 + 6*p - 1. Let z(u) = u + 11. Let f be z(-16). What are the prime factors of o(f)?
19
Suppose 6*b + 339 + 153 = 0. Let v = -56 - b. What are the prime factors of v?
2, 13
Let a = -87 - -47. List the prime factors of -2 + 0 - (a/4 + 4).
2
Suppose 3*o - 8922 = -3*w, -2*w - 7*o + 5928 = -10*o. What are the prime factors of w?
2, 3, 5, 11
Let r = 109 - 107. Suppose -4*q + r*c + 328 = 0, -9*c = q - 4*c - 82. What are the prime factors of q?
2, 41
Suppose 5*q - 16294 = 8381. What are the prime factors of q?
3, 5, 7, 47
Suppose 256 = 4*b + 4*i, -i + 252 = 4*b + 2*i. Suppose 5*n - 101 = -3*j + 89, j + n - b = 0. What are the prime factors of j?
5, 11
Let g be (1 - 2)*(38/2 + -2). Let c = 45 + g. What are the prime factors of c?
2, 7
Let t(z) = -4*z**2 + 2*z - 2. Let a be t(1). Let l = a + 9. Suppose 0 = 5*p + l*b - 140, 4*p - 161 = -3*b - 49. What are the prime factors of p?
2, 7
Suppose -5*y + 3*y + 10 = 0. Let z be ((-4)/(-10))/(1/y). Suppose 0 = z*t - 4, 2*j - 23 = -t + 19. What are the prime factors of j?
2, 5
List the prime factors of 3*516 - 17/((-17)/(-4)).
2, 193
Let l = 2527 - 101. What are the prime factors of l?
2, 1213
Let m = 1140 - 546. List the prime factors of m.
2, 3, 11
Suppose -4*r - r = 5*m + 100, 5*m = 5*r + 80. Let n(g) = g**3 + 18*g**2 - 10*g - 21. List the prime factors of n(r).
3, 53
Let o = -1261 - -2391. What are the prime factors of o?
2, 5, 113
Let h(w) be the second derivative of -w**4/12 - 10*w**3/3 - 35*w**2/2 + 8*w. What are the prime factors of h(-16)?
29
Let g(d) be the second derivative of d**4/3 + d**3/2 - 25*d. Suppose -f + 4*f = -6. List the prime factors of g(f).
2, 5
Let b(v) = -v**2 + 4*v + 2. Let a be b(4). Suppose a*d + 3 = 9. Suppose -t = d - 2, -32 = -n + 5*t. List the prime factors of n.
3
Let n(t) = -130*t - 11. List the prime factors of n(-4).
509
Suppose 45*f = 8914 + 4631. What are the prime factors of f?
7, 43
Suppose -h + 1453 = 2*l - 2337, 5*h = -l + 18986. What are the prime factors of h?
2, 3, 211
Suppose 3*b = -23 + 29. Suppose -t - r = -49, 5*t - 277 = r + b*r. What are the prime factors of t?
53
Let k = 255 - 106. What are the prime factors of k?
149
Suppose 35 = -4*m + 51. Suppose 498 = -m*c + 1674. List the prime factors of c.
2, 3, 7
Let s = 16 + -26. Let g = 256 - 215. Let c = g + s. What are the prime factors of c?
31
Suppose -4*z = -196 - 184. Suppose z*y - 100*y = -595. List the prime factors of y.
7, 17
List the prime factors of (296/56 - 5) + 32649/21.
5, 311
Let p(i) = -2*i**3 + 10*i**2 - i - 6. Let c be p(5). Let w(x) = x**3 + 10*x**2 - 12*x + 11. What are the prime factors of w(c)?
2, 11
Suppose 0 = -25*n + 33753 - 6628. What are the prime factors of n?
5, 7, 31
Let w(x) = 26*x**2 - 27*x + 576. What are the prime factors of w(14)?
2, 2647
Suppose 11*x - 32 = 23. List the prime factors of x/((-6)/(-9)*9/24).
2, 5
Let h = 21 - 27. Let g = 16 + h. List the prime factors of (12/(-8))/((-3)/g).
5
Let x(h) = h**3 - 6*h**2 + 8*h + 2. Let m be x(4). Suppose 3*z + m*z = 625. Suppose 0 = -a + 4*c + 48, 3*a - 3*c - 19 - z = 0. What are the prime factors of a?
2, 3
Suppose 3*n + 420 = 10*n. List the prime factors of n/(-80) - (-246)/8.
2, 3, 5
What are the prime factors of 1*2*(11 + 1580)?
2, 37, 43
Suppose 5052 = a + 4*p, 4*a = -p + 16296 + 3987. Suppose -3*f + 19*f = a. List the prime factors of f.
317
Let o(x) = 12*x - 14. Let y be o(13). Suppose -6*j - y = -8*j. What are the prime factors of j?
71
Let m(c) be the first derivative of c**6/360 + c**5/120 - c**4/12 + 11*c**3/3 - 6. Let u(n) be the third derivative of m(n). List the prime factors of u(5).
2, 7
Suppose -r = -b + r + 236, b = 4*r + 242. List the prime factors of (0 - b)/(0 + -2).
5, 23
Let b(k) = -2*k - 2. Let v be b(-3). Suppose 6*c - v*c = 0. Suppose 5*y - 55 = -c*y. List the prime factors of y.
11
Let w be 4/(-2) + 16/(-4). Suppose -4*b = -3*b + 16. What are the prime factors of (-360)/b*(-8)/w?
2, 3, 5
Suppose 4*p + 2*s = -2*s - 372, 4*s - 272 = 3*p. Let z be (-19)/(-4) - 23/p. Suppose -n = -z*w - 1, -5*w + 2 = -13. List the prime factors of n.
2
Let c be (-20)/5 - -8 - -29. Let i = c + 25. What are the prime factors of i?
2, 29
Suppose 8*z - 928 = 6*z. Suppose 36 = 4*s - z. What are the prime factors of s?
5
Let f(c) = 5*c**2 - 101*c + 9. What are the prime factors of f(24)?
3, 5, 31
Let z = 14 - 37. Let g = z - -9. Let t = g + 29. What are the prime factors of t?
3, 5
Let r = 14 - -8. Suppose 4*w = -h + 165, -h = -2*w + 109 - r. List the prime factors of w.
2, 3, 7
Let s = 11 + -7. Let u(f) = f**3 - 2*f**2 - f + 4. Let r be u(2). Suppose -r*h + s*h = 46. List the prime factors of h.
23
Let u be ((-2)/6)/(5/30). Let f be (-24)/5*(-10)/u. What are the prime factors of (-1 - f)*(-3 - -4)?
23
Let c(j) = -2 - 4*j - 4 - 4. Let p be c(-12). Let z = p - 10. List the prime factors of z.
2, 7
What are the prime factors of (-1)/(2573/15810 - (-1)/(-6))?
3, 5, 17
Let q(t) be the first derivative of -t + 2 - 1/4*t**4 - 9/2*t**2 + 13/3*t**3. List the prime factors of q(12).
5, 7
Let r be 1259 - ((-3)/(-15))/((-1)/(-5)). Suppose 2*d + 2*d - r = -2*c, -5*d - 2*c = -1575. List the prime factors of d.
317
Let n(d) = 10*d**3 - 5*d**2 + 3*d - 1. Let j be n(3). Suppose -j - 111 = -4*o + 2*k, 16 = -4*k. List the prime factors of o.
2, 3, 7
List the prime factors of 20*((-235)/(-4) - (25 + -25)).
5, 47
Suppose -3*k = -17 + 23. Let m be (2 - (k - -2))*-15. Let x = 47 + m. What are the prime factors of x?
17
Let g(h) = -h**3 + 10*h**2 + 13*h - 25. Let r be g(11). List the prime factors of 654/15 - r*6/45.
2, 11
Let x(m) = -2*m**2 - 15*m - 4. Let v be x(-7). List the prime factors of (5 - (-150 + -1)) + (v - -1).
2, 5
Let n(d) = 22*d**2 + 5*d - 10. Let z be n(4). Let y = z + -218. What are the prime factors of y?
2, 3
Suppose 8*x + 340 = 4*x. Let d = 126 + x. What are the prime factors of d?
41
Let z(g) = g**2 - 8*g. Let i 